{"id":355,"date":"2018-11-26T15:22:17","date_gmt":"2018-11-26T14:22:17","guid":{"rendered":"https:\/\/canditten.de\/?page_id=355"},"modified":"2020-03-03T16:55:12","modified_gmt":"2020-03-03T15:55:12","slug":"gemeinde-blumstein","status":"publish","type":"page","link":"https:\/\/canditten.de\/?page_id=355","title":{"rendered":"Gemeinde Blumstein"},"content":{"rendered":"\n<p>Das Dorf Blumstein wurde um das Jahr 1350 als deutsches Bauerndorf von 55 Hufen &nbsp;mit 50 Zinshufen gegr\u00fcndet. Der erste Name war \u201eBlumensteyn&#8220;; es d\u00fcrfte auf den Komtur von Balga, Dietrich v. Blumenstein, zur\u00fcckgehen, der von 1342 bis 1346 amtierte und vielleicht der Gr\u00fcnder des Ortes war. Ein Krug war im Dorf, der j\u00e4hrlich 2 Mark zinste. &#8211; Blumstein wurde 1414 beim Poleneinfall verheert; es entstand ein Schaden von 800 Mark. Auch der \u201eSt\u00e4ndekrieg&#8220; von 1454\/66 verursachte schwere Sch\u00e4den. Das Dorf wurde aber nicht verpf\u00e4ndet, sondern blieb der Landesherrschaft unterstellt.<\/p>\n\n\n\n<p>Im \u201eReiterkrieg&#8220; 1520 wurde Blumstein dann ganz zerst\u00f6rt; noch 1530 war es w\u00fcst und unbewohnt. Erst im Jahre 1554 verlieh der Herzog dem Caspar v. Lehndorff die 80 Hufen von Blumstein mit einer gro\u00dfen Anzahl von Freijahren zur Wiederbesiedlung. Doch die ging nur langsam vor sich; so erhielt 1563 Tewes Zipke das Schulzenamt <em>(B\u00fcrgermeisteramt&nbsp; die Red.) <\/em>von Blumstein mit 3 Freihufen; er sollte 10 Hufen mit 5 Bauern besetzen. 1575 waren nur 3 Bauern angesiedelt, die aus Masuren stammten. Bei der Verleihung von 1554 wird erstmalig die Dorfgr\u00f6\u00dfe mit 80 Hufen angegeben; vielleicht z\u00e4hlten die Hufen des untergegangenen Dorfes Rosenbaum n\u00f6rdlich von Blumstein dazu.<\/p>\n\n\n\n<p>Langsam ging es mit der Besiedlung des Dorfes aufw\u00e4rts. Es\nblieb fortan ein adliges, gutsuntert\u00e4niges Dorf, das um 1600 noch zu Worienen\ngeh\u00f6rte. Sp\u00e4ter kam es dann in den Besitz der Familie v. Kreytzen auf Gr.\nPeisten, die Blumstein 1692 an Abel von Tettau auf Kl. Steegen verkaufte. Bei\ndiesem Gut blieb es bis 1820. Im Jahre 1710 gab es neben dem Dorf ein Vorwerk\nBlumstein, zusammen 80 Hufen gro\u00df. Zum Vorwerk geh\u00f6rten 12 Hufen Acker und 30\nHufen Wald, die sp\u00e4ter alle zu Kl. Steegen kamen. 1785 war \u201eBlumenstein&#8220;\nein Gutsdorf von Kl. Steegen mit 24 Feuerstellen <em>(Haushalten, die Red.)<\/em>.\nDie Kirche war in Guttenfeld. 1820 fand die Gutsauseinandersetzung der 13\nBauern statt, die 1540 Morgen Land besa\u00dfen. Sie waren bis dahin dem Hauptgut\nneben Naturaldiensten (Scharwerk) zu einem j\u00e4hrlichen Zins von 260 Talern und\nNaturalien. 1831 lesen wir bei Krug: \u201eBlumenstein in leichtem und h\u00fcgeligem\nBoden hat 1975 Morgen Land, 2 k\u00f6lmische G\u00fcter, 2 Erbpachtg\u00fcter &#8211; zusammen 363\nMorgen Land -13 Bauerng\u00fcter mit 1540 Morgen, 6 K\u00e4tner, 4 Handwerker, 15\nInstleute und 218 Einwohner&#8220;. <\/p>\n\n\n\n<p>1846 erscheint erstmalig der amtliche Name \u201eBlumstein&#8220;,\ndas 35 Wohngeb\u00e4ude und 263 Einwohner hat. 1885 war das Dorf 511 ha gro\u00df, davon\nwaren 346 ha Acker, 106 ha Wiesen und 28 ha Wald. In 55 Wohnh\u00e4usern bestanden\n86 Haushalte, in denen 438 Einwohner lebten. Das war die h\u00f6chste Einwohnerzahl\ndes alten Ortes. <\/p>\n\n\n\n<p>Im I. Weltkrieg blieb Blumstein von russischer Besetzung\nverschont. Die am 30.9.1928 gegr\u00fcndete Gemeinde Blumstein blieb ohne weitere\nOrtsteile. Gemeindevorsteher war 1930 Hermann Martsch-Blumstein. Als\nwestlichster Ort unseres Kreises geh\u00f6rte dieser zu Kirche und Standesamt\nGuttenfeld, Amtsgericht Landsberg und Amtsbezirk Alt-Steegen. Eine Schule wurde\ngegen Ende des 18. Jahrhunderts gegr\u00fcndet. Sie bestand 1813 mit dem Lehrer\nJohann Weyde. Als letzte Lehrer waren Riemann, Salewski und Kurt Johnke im Amt.<\/p>\n\n\n\n<p>1932 nennt das G\u00fcteradressbuch die gr\u00f6\u00dferen Besitzungen von\nGustav Kabbert, 25 ha; Emil Knorr, 24 ha; August Martsch, 26 ha; Albert Schulz,\n51 ha; Albert Schr\u00f6der, 22 ha. Die Familie Schulz mit \u00fcber 200 Morgen Besitz\nwar die \u00e4lteste Bauernfamilie im Dorf. In Blumstein gab es eine Gastwirtschaft\nmit Saal, ein Ladengesch\u00e4ft und mehrere Handwerker. Das Dorf lag an der\nChaussee von Canditten nach Lichtenfeld. Blumstein hatte 1939 genau 285\nEinwohner. &#8211;<\/p>\n\n\n\n<p>Etwa Mitte Februar 1945 wurde Blumstein von Sowjet-Truppen\nbesetzt und liegt seit dem Sommer 1945 im polnischen Teil unseres Kreises. Von\nden Polen \u201eKwiatkowo&#8220; genannt, ist der neue Name eine \u00dcbersetzung von\n\u201eBlumen&#8220;. Es ist ein polnisches Bauerndorf.<\/p>\n\n\n\n<p><em>(Gek\u00fcrzt aus \u201eDie St\u00e4dte und Gemeinden des Kreises Pr. Eylau\u201c von Horst Schulz)<\/em><\/p>\n\n\n\n<p><em>Vermerk der Redaktion:<\/em> 1 Hufen entspricht etwa 15 ha. Blumstein (Kwiatkowo) geh\u00f6rt jetzt zum Kreis Braunsberg.<\/p>\n\n\n\n<p><strong>Bilder zu Blumstein damals:<\/strong><\/p>\n\n\n\n<div class=\"wp-block-columns is-layout-flex wp-container-core-columns-is-layout-9d6595d7 wp-block-columns-is-layout-flex\">\n<div class=\"wp-block-column is-layout-flow wp-block-column-is-layout-flow\">\n<div class=\"wp-block-image\"><figure class=\"aligncenter size-large is-resized\"><img loading=\"lazy\" decoding=\"async\" src=\"https:\/\/canditten.de\/wp-content\/uploads\/2020\/03\/Blumstein-Ansichtskarte-1933-1024x681.jpg\" alt=\"\" class=\"wp-image-992\" width=\"374\" height=\"248\" srcset=\"https:\/\/canditten.de\/wp-content\/uploads\/2020\/03\/Blumstein-Ansichtskarte-1933-1024x681.jpg 1024w, https:\/\/canditten.de\/wp-content\/uploads\/2020\/03\/Blumstein-Ansichtskarte-1933-300x200.jpg 300w, https:\/\/canditten.de\/wp-content\/uploads\/2020\/03\/Blumstein-Ansichtskarte-1933-768x511.jpg 768w, https:\/\/canditten.de\/wp-content\/uploads\/2020\/03\/Blumstein-Ansichtskarte-1933-1536x1021.jpg 1536w, https:\/\/canditten.de\/wp-content\/uploads\/2020\/03\/Blumstein-Ansichtskarte-1933.jpg 1624w\" sizes=\"auto, (max-width: 374px) 100vw, 374px\" \/><figcaption>Ansichtskarte aus dem Jahre 1933<\/figcaption><\/figure><\/div>\n\n\n\n<p><\/p>\n<\/div>\n\n\n\n<div class=\"wp-block-column is-layout-flow wp-block-column-is-layout-flow\">\n<div class=\"wp-block-image\"><figure class=\"aligncenter size-large is-resized\"><img loading=\"lazy\" decoding=\"async\" src=\"https:\/\/canditten.de\/wp-content\/uploads\/2020\/03\/Blumstein-Sonntagsschule-wenige-1936-2-1024x649.jpg\" alt=\"Blumstein Sonntagsschule 1936\" class=\"wp-image-964\" width=\"396\" height=\"250\"\/><figcaption>Sonntagsschule in Blumstein 1936<\/figcaption><\/figure><\/div>\n\n\n\n<p><\/p>\n<\/div>\n<\/div>\n\n\n\n<p><strong>Neuere Bilder zu Blumstein (jetzt Kwiatkowo):<\/strong><\/p>\n\n\n\n<div class=\"wp-block-columns is-layout-flex wp-container-core-columns-is-layout-9d6595d7 wp-block-columns-is-layout-flex\">\n<div class=\"wp-block-column is-layout-flow wp-block-column-is-layout-flow\">\n<figure class=\"wp-block-image size-large\"><img loading=\"lazy\" decoding=\"async\" width=\"1024\" height=\"768\" src=\"https:\/\/canditten.de\/wp-content\/uploads\/2020\/03\/IMG_6093-Blumstein-Dorfstra\u00dfe-und-Wohnhaus-Kirschnick-rechts-1024x768.jpg\" alt=\"Blumstein Dorfstrasse\" class=\"wp-image-988\"\/><figcaption>Dorfstra\u00dfe in Blumstein<\/figcaption><\/figure>\n<\/div>\n\n\n\n<div class=\"wp-block-column is-layout-flow wp-block-column-is-layout-flow\">\n<figure class=\"wp-block-image size-large\"><img loading=\"lazy\" decoding=\"async\" width=\"1024\" height=\"768\" src=\"https:\/\/canditten.de\/wp-content\/uploads\/2020\/03\/IMG_1572-Blumstein-ehemal-Wohnhaus-Kirschnick-aus-Richtung-Canditten-1024x768.jpg\" alt=\"Blumstein Wohnhaus\" class=\"wp-image-987\"\/><figcaption>Wohnhaus in Blumstein<\/figcaption><\/figure>\n<\/div>\n\n\n\n<div class=\"wp-block-column is-layout-flow wp-block-column-is-layout-flow\">\n<figure class=\"wp-block-image size-large\"><img loading=\"lazy\" decoding=\"async\" width=\"1024\" height=\"701\" src=\"https:\/\/canditten.de\/wp-content\/uploads\/2020\/03\/Blumstein-Wohnhaus-Bauunternehmer-Kolberg-um-2017-Kolberg-1-1024x701.jpg\" alt=\"Blumstein iWohnhaus\" class=\"wp-image-953\"\/><figcaption>Ehemaliges Wohnhaus der Familie Kolberg<\/figcaption><\/figure>\n<\/div>\n<\/div>\n","protected":false},"excerpt":{"rendered":"<p>Das Dorf Blumstein wurde um das Jahr 1350 als deutsches Bauerndorf von 55 Hufen &nbsp;mit 50 Zinshufen gegr\u00fcndet. Der erste Name war \u201eBlumensteyn&#8220;; es d\u00fcrfte auf den Komtur von Balga, Dietrich v. Blumenstein, zur\u00fcckgehen, der von 1342 bis 1346 amtierte und vielleicht der Gr\u00fcnder des Ortes war. Ein Krug war im Dorf, der j\u00e4hrlich 2 &#8230; <a title=\"Gemeinde Blumstein\" class=\"read-more\" href=\"https:\/\/canditten.de\/?page_id=355\" aria-label=\"Mehr Informationen \u00fcber Gemeinde Blumstein\">Weiterlesen<\/a><\/p>\n","protected":false},"author":8,"featured_media":0,"parent":0,"menu_order":0,"comment_status":"closed","ping_status":"closed","template":"","meta":{"footnotes":""},"class_list":["post-355","page","type-page","status-publish"],"_links":{"self":[{"href":"https:\/\/canditten.de\/index.php?rest_route=\/wp\/v2\/pages\/355","targetHints":{"allow":["GET"]}}],"collection":[{"href":"https:\/\/canditten.de\/index.php?rest_route=\/wp\/v2\/pages"}],"about":[{"href":"https:\/\/canditten.de\/index.php?rest_route=\/wp\/v2\/types\/page"}],"author":[{"embeddable":true,"href":"https:\/\/canditten.de\/index.php?rest_route=\/wp\/v2\/users\/8"}],"replies":[{"embeddable":true,"href":"https:\/\/canditten.de\/index.php?rest_route=%2Fwp%2Fv2%2Fcomments&post=355"}],"version-history":[{"count":28,"href":"https:\/\/canditten.de\/index.php?rest_route=\/wp\/v2\/pages\/355\/revisions"}],"predecessor-version":[{"id":1008,"href":"https:\/\/canditten.de\/index.php?rest_route=\/wp\/v2\/pages\/355\/revisions\/1008"}],"wp:attachment":[{"href":"https:\/\/canditten.de\/index.php?rest_route=%2Fwp%2Fv2%2Fmedia&parent=355"}],"curies":[{"name":"wp","href":"https:\/\/api.w.org\/{rel}","templated":true}]}}