{"id":26,"date":"2018-11-19T13:46:55","date_gmt":"2018-11-19T12:46:55","guid":{"rendered":"https:\/\/canditten.de\/?page_id=26"},"modified":"2026-01-20T10:20:33","modified_gmt":"2026-01-20T09:20:33","slug":"willkommen","status":"publish","type":"page","link":"https:\/\/canditten.de\/","title":{"rendered":"Willkommen"},"content":{"rendered":"\n<p>auf der Internetseite der Gemeinde Canditten, Kreis Preussisch Eylau\/Ostpreussen.\n<\/p>\n\n\n\n<p>Hiermit begr\u00fc\u00dfe ich alle Besucher dieser Seite, auf der&nbsp;Sie etwas mehr \u00fcber die Gemeinde Canditten und \u00fcber die in den Links aufgef\u00fchrten D\u00f6rfer erfahren k\u00f6nnen.<\/p>\n\n\n<div class=\"wp-block-image\">\n<figure class=\"aligncenter is-resized\"><a href=\"https:\/\/canditten.de\/wp-content\/uploads\/2018\/11\/e0c7997e87.jpg\"><img loading=\"lazy\" decoding=\"async\" width=\"1024\" height=\"768\" src=\"https:\/\/canditten.de\/wp-content\/uploads\/2018\/11\/e0c7997e87-1024x768.jpg\" alt=\"Dorfstra\u00dfe in Canditten (Kandyty)\" class=\"wp-image-20\" style=\"width:512px;height:384px\" srcset=\"https:\/\/canditten.de\/wp-content\/uploads\/2018\/11\/e0c7997e87-1024x768.jpg 1024w, https:\/\/canditten.de\/wp-content\/uploads\/2018\/11\/e0c7997e87-300x225.jpg 300w, https:\/\/canditten.de\/wp-content\/uploads\/2018\/11\/e0c7997e87-768x576.jpg 768w, https:\/\/canditten.de\/wp-content\/uploads\/2018\/11\/e0c7997e87-800x600.jpg 800w, https:\/\/canditten.de\/wp-content\/uploads\/2018\/11\/e0c7997e87.jpg 1280w\" sizes=\"auto, (max-width: 1024px) 100vw, 1024px\" \/><\/a><figcaption class=\"wp-element-caption\">Dorfstra\u00dfe in Canditten (Kandyty), Foto Gutsche<\/figcaption><\/figure>\n<\/div>\n\n\n<p>Diese Seite ist der Versuch, Aufschluss zu geben (ohne Anspruch auf \nVollst\u00e4ndigkeit) \u00fcber das Dorf Canditten in Ostpreussen von den Anf\u00e4ngen\n bis zum Untergang im Jahre 1945 und der Zeit nach dem Kriegsende 1945 \nsowie \u00fcber die Aktivit\u00e4ten der ehemaligen Einwohner Candittens und deren\n Nachkommen.\n<\/p>\n\n\n\n<p>Diese Internetseite\/Website wird laufend erg\u00e4nzt und vervollst\u00e4ndigt.\n So versuche ich als n\u00e4chsten Schritt, eine vollst\u00e4ndige Einwohnerliste \n1939  von Canditten zu erstellen. Dazu muss ich allerdings in diversen \nArchivunterlagen nachforschen. Das wird eine Zeit dauern.\n<\/p>\n\n\n\n<p>Erg\u00e4nzungen und Tipps zu dieser Seite nehme ich gerne \u00fcber den Link \u201eKontakt\u201c entgegen. \n<\/p>\n\n\n\n<p>Danke f\u00fcr\u00b4s Reinschauen. \n<\/p>\n\n\n\n<p><strong><em>Ihr G e r d &nbsp;B i r t h <\/em><\/strong><\/p>\n\n\n\n<p><\/p>\n\n\n\n<p><\/p>\n\n\n\n<p><\/p>\n\n\n\n<h1 class=\"wp-block-heading\"><mark style=\"background-color:rgba(0, 0, 0, 0)\" class=\"has-inline-color has-vivid-red-color\">Das Kreistreffen der Kreisgemeinschaft Pr. Eylau 2025<\/mark><\/h1>\n\n\n\n<p>Das n\u00e4chste Kreistreffen der Kreisgemeinschaft Pr. Eylau fand am Wochenende vom 20. Sept. bis 21. Sept. 2025 wiederum im &#8222;Landhotel zur Linde&#8220;, Thedinghauser Str. 16, in 27283 Verden statt. Weitere Informationen siehe Men\u00fcpunkt <strong>&#8222;<\/strong><a href=\"https:\/\/canditten.de\/?page_id=254\" data-type=\"page\" data-id=\"254\"><strong>Termine, Veranstaltungen und Planungen&#8220;.<\/strong><\/a><\/p>\n\n\n\n<p><\/p>\n","protected":false},"excerpt":{"rendered":"<p>auf der Internetseite der Gemeinde Canditten, Kreis Preussisch Eylau\/Ostpreussen. Hiermit begr\u00fc\u00dfe ich alle Besucher dieser Seite, auf der&nbsp;Sie etwas mehr \u00fcber die Gemeinde Canditten und \u00fcber die in den Links aufgef\u00fchrten D\u00f6rfer erfahren k\u00f6nnen. Diese Seite ist der Versuch, Aufschluss zu geben (ohne Anspruch auf Vollst\u00e4ndigkeit) \u00fcber das Dorf Canditten in Ostpreussen von den Anf\u00e4ngen &#8230; <a title=\"Willkommen\" class=\"read-more\" href=\"https:\/\/canditten.de\/\" aria-label=\"Mehr Informationen \u00fcber Willkommen\">Weiterlesen<\/a><\/p>\n","protected":false},"author":8,"featured_media":0,"parent":0,"menu_order":0,"comment_status":"closed","ping_status":"closed","template":"","meta":{"footnotes":""},"class_list":["post-26","page","type-page","status-publish"],"_links":{"self":[{"href":"https:\/\/canditten.de\/index.php?rest_route=\/wp\/v2\/pages\/26","targetHints":{"allow":["GET"]}}],"collection":[{"href":"https:\/\/canditten.de\/index.php?rest_route=\/wp\/v2\/pages"}],"about":[{"href":"https:\/\/canditten.de\/index.php?rest_route=\/wp\/v2\/types\/page"}],"author":[{"embeddable":true,"href":"https:\/\/canditten.de\/index.php?rest_route=\/wp\/v2\/users\/8"}],"replies":[{"embeddable":true,"href":"https:\/\/canditten.de\/index.php?rest_route=%2Fwp%2Fv2%2Fcomments&post=26"}],"version-history":[{"count":39,"href":"https:\/\/canditten.de\/index.php?rest_route=\/wp\/v2\/pages\/26\/revisions"}],"predecessor-version":[{"id":1762,"href":"https:\/\/canditten.de\/index.php?rest_route=\/wp\/v2\/pages\/26\/revisions\/1762"}],"wp:attachment":[{"href":"https:\/\/canditten.de\/index.php?rest_route=%2Fwp%2Fv2%2Fmedia&parent=26"}],"curies":[{"name":"wp","href":"https:\/\/api.w.org\/{rel}","templated":true}]}}